e 13.
-122
Convert 1010 (base 3) to base 10.
30
Convert 1011 (base 3) to base 5.
111
Convert 3 (base 7) to base 14.
3
Convert 11 (base 4) to base 8.
5
Convert -3 (base 10) to base 11.
-3
What is f0 (base 16) in base 7?
462
Convert 0 (base 2) to base 7.
0
What is 7 (base 9) in base 2?
111
110 (base 2) to base 7
6
Convert -19 (base 16) to base 12.
-21
Convert 2 (base 10) to base 12.
2
What is 18 (base 14) in base 15?
17
-310 (base 7) to base 10
-154
What is 110 (base 8) in base 9?
80
Convert 3 (base 8) to base 9.
3
Convert -12101 (base 3) to base 7.
-265
What is 13b (base 14) in base 9?
306
Convert -2002 (base 3) to base 9.
-62
Convert 33 (base 9) to base 15.
20
Convert 25 (base 12) to base 14.
21
What is -11 (base 6) in base 12?
-7
Convert -3 (base 15) to base 16.
-3
Convert 2 (base 5) to base 7.
2
Convert -43 (base 14) to base 10.
-59
-27 (base 10) to base 16
-1b
Convert -20 (base 7) to base 12.
-12
-c9 (base 15) to base 7
-360
-215 (base 8) to base 3
-12020
2040 (base 5) to base 11
226
What is -40 (base 16) in base 14?
-48
Convert 0 (base 16) to base 14.
0
1 (base 14) to base 11
1
Convert -15 (base 8) to base 2.
-1101
Convert -d (base 15) to base 8.
-15
-3 (base 7) to base 15
-3
Convert -6 (base 14) to base 4.
-12
Convert 3 (base 4) to base 6.
3
Convert -2 (base 14) to base 11.
-2
What is -2 (base 15) in base 10?
-2
What is 15 (base 13) in base 15?
13
Convert 9 (base 14) to base 12.
9
Convert -19 (base 15) to base 3.
-220
10 (base 2) to base 8
2
Convert -b (base 13) to base 2.
-1011
0 (base 8) to base 2
0
Convert 2 (base 16) to base 3.
2
Convert -3 (base 10) to base 9.
-3
What is 4 (base 10) in base 7?
4
-212 (base 3) to base 5
-43
Convert -3 (base 6) to base 7.
-3
5 (base 11) to base 15
5
54 (base 7) to base 6
103
Convert -2110 (base 3) to base 10.
-66
110010 (base 2) to base 8
62
-202 (base 7) to base 14
-72
What is 20 (base 7) in base 16?
e
What is -27 (base 12) in base 9?
-34
What is 120202 (base 3) in base 8?
651
What is -123 (base 6) in base 11?
-47
Convert -13 (base 12) to base 10.
-15
What is 1 (base 16) in base 6?
1
-18 (base 11) to base 10
-19
-7 (base 11) to base 8
-7
-42 (base 16) to base 8
-102
-3 (base 14) to base 13
-3
What is 165 (base 13) in base 3?
100100
3 (base 9) to base 3
10
Convert -c (base 13) to base 8.
-14
-18 (base 10) to base 16
-12
-40 (base 7) to base 8
-34
Convert -3 (base 14) to base 9.
-3
What is -213 (base 6) in base 16?
-51
What is 75 (base 9) in base 14?
4c
43 (base 6) to base 13
21
What is -26 (base 10) in base 8?
-32
-2 (base 5) to base 6
-2
What is -3 (base 9) in base 13?
-3
Convert 24 (base 9) to base 4.
112
What is 2 (base 13) in base 15?
2
What is -32 (base 6) in base 12?
-18
Convert -29 (base 11) to base 7.
-43
Convert 4 (base 5) to base 9.
4
Convert -4 (base 16) to base 15.
-4
Convert 2a (base 16) to base 9.
46
2 (base 8) to base 14
2
What is 12 (base 13) in base 14?
11
-1 (base 4) to base 8
-1
Convert -2 (base 15) to base 9.
-2
What is 142 (base 6) in base 9?
68
-2 (base 16) to base 6
-2
17 (base 15) to base 14
18
29 (base 15) to base 7
54
What is 4 (base 7) in base 9?
4
Convert -1 (base 3) to base 16.
-1
What is 24 (base 6) in base 8?
20
What is 22 (base 10) in base 13?
19
What is -3 (base 5) in base 13?
-3
Convert -10210 (base 3) to base 12.
-86
14 (base 12) to base 8
20
-2 (base 3) to base 4
-2
Convert 254 (base 13) to base 11.
340
1012 (base 5) to base 4
2010
Convert -11220 (base 3) to base 15.
-8c
What is -58 (base 15) in base 16?
-53
Convert 3 (base 6) to base 2.
11
Convert 2 (base 4) to base 5.
2
Convert 2 (base 8) to base 13.
2
What is -7 (base 13) in base 5?
-12
11 (base 6) to base 16
7
Convert -7 (base 14) to base 7.
-10
Convert -109 (base 15) to base 14.
-12a
-8 (base 16) to base 15
-8
What is 101 (base 2) in base 13?
5
-4 (base 6) to base 12
-4
Convert -103 (base 4) to base 5.
-34
Convert 7b (base 14) to base 10.
109
2 (base 3) to base 2
10
32 (base 9) to base 5
104
What is 6 (base 16) in base 15?
6
What is 0 (base 13) in base 16?
0
146 (base 11) to base 5
1141
What is 101 (base 3) in base 16?
a
What is 20 (base 4) in base 7?
11
What is -11011 (base 2) in base 13?
-21
Convert 11101 (base 3) to base 6.
314
1222 (base 3) to base 12
45
What is -6 (base 8) in base 15?
-6
What is 4 (base 7) in base 3?
11
2 (base 16) to base 15
2
Convert e (base 15) to base 5.
24
What is -21 (base 13) in base 5?
-102
What is -11 (base 12) in base 15?
-d
What is 170 (base 14) in base 8?
446
What is 222 (base 3) in base 7?
35
-120 (base 7) to base 9
-70
Convert 1a (base 16) to base 2.
11010
-36 (base 12) to base 3
-1120
62 (base 9) to base 3
2002
What is -b (base 14) in base 16?
-b
Convert 4 (base 14) to base 9.
4
Convert -13 (base 14) to base 3.
-122
Convert -1 (base 2) to base 4.
-1
Convert -6 (base 11) to base 12.
-6
Convert 14 (base 14) to base 6.
30
What is -49 (base 13) in base 5?
-221
What is 3 (base 5) in base 12?
3
What is 23 (base 7) in base 9?
18
What is 6 (base 9) in base 5?
11
What is -11110000 (base 2) in base 7?
-462
What is 22 (base 12) in base 10?
26
Convert -451 (base 6) to base 15.
-ba
Convert -14 (base 15) to base 5.
-34
What is -6 (base 8) in base 13?
-6
Convert -320 (base 5) to base 12.
-71
What is 42 (base 13) in base 16?
36
Convert -1033 (base 4) to base 7.
-142
Convert 512 (base 8) to base 16.
14a
Convert -1 (base 3) to base 14.
-1
Convert -15c (base 13) to base 16.
-f6
-36 (base 9) to base 15
-23
-41 (base 11) to base 15
-30
Convert 212 (base 3) to base 11.
21
What is 3012 (base 5) in base 15?
1a7
-11100001 (base 2) to base 12
-169
-18 (base 13) to base 5
-41
Convert -ba (base 12) to base 10.
-142
Convert 0 (base 11) to base 10.
0
Convert -8 (base 12) to base 4.
-20
Convert -5 (base 12) to base 3.
-12
Convert -2 (base 9) to base 12.
-2
-1 (base 16) to base 15
-1
Convert -6 (base 7) to base 8.
-6
12 (base 16) to base 10
18
Convert -2b (base 13) to base 15.
-27
What is 10111 (base 2) in base 9?
25
Convert 1120 (base 3) to base 2.
101010
Convert 1 (base 9) to base 4.
1
What is 3 (base 15) in base 6?
3
What is 2d (base 16) in base 12?
39
-6 (base 15) to base 5
-11
What is -11 (base 5) in base 14?
-6
What is 2 (base 6) in base 7?
2
2 (base 7) to base 14
2
Convert 2102 (base 4) to base 10.
146
-5 (base 15) to base 13
-5
-1 (base 6) to base 15
-1
What is -4 (base 16) in base 12?
-4
What is 213 (base 5) in base 7?
112
-2 (base 12) to base 5
-2
What is -110000100 (base 2) in base 13?
-23b
-11 (base 7) to base 9
-8
What is 5 (base 10) in base 12?
5
What is -4 (base 11) in base 9?
-4
Convert 140 (base 8) to base 5.
341
Convert -201 (base 3) to base 4.
-103
5f (base 16) to base 14
6b
-6 (base 9) to base 11
-6
-106 (base 12) to base 15
-a0
-71 (base 11) to base 16
-4e
What is -3 (base 5) in base 3?
-10
Convert 7 (base 16) to base 2.
111
Convert 1 (base 5) to base 3.
1
What is -12 (base 13) in base 9?
-16
What is 5 (base 15) in base 10?
5
Convert -4 (base 11) to base 16.
-4
-201 (base 5) to base 2
-110011
Convert -56 (base 8) to base 14.
-34
-100121 (base 3) to base 11
-216
What is 1010 (base 2) in base 3?
101
What is 112 (base 5) in base 4?
200
What is 3 (base 14) in base 2?
11
Convert 0 (base 3) to base 15.
0
Convert 11 (base 9) to base 12.
a
What is 2 (base 5) in base 4?
2
380 (base 10) to base 7
1052
What is -1211 (base 3) in base 16?
-31
4 (base 12) to base 6
4
What is 21011 (base 3) in base 8?
301
-2 (base 13) to base 15
-2
-1 (base 3) to base 8
-1
What is -2 (base 16) in base 3?
-2
What is 5 (base 10) in base 15?
5
9 (base 14) to base 4
21
-50 (base 14) to base 13
-55
What is -361 (base 9) in base 14?
-174
-19 (base 16) to base 9
-27
Convert -2 (base 3) to base 8.
-2
Convert 2 (base 9) to base 7.
2
0 (base 6) to base 12
0
What is -10 (base 6) in base 2?
-110
152 (base 11) to base 16
b2
29 (base 11) to base 10
31
Convert 11 (base 16) to base 12.
15
a (base 12) to base 9
11
-2 (base 5) to base 4
-2
What is -6 (base 16) in base 2?
-110
What is -5 (base 12) in base 14?
-5
Convert 196 (base 12) to base 9.
316
What is 4 (base 10) in base 4?
10
-341 (base 5) to base 3
-10120
Convert 3 (base 15) to base 12.
3
-51 (base 12) to base 9
-67
-2010 (base 3) to base 4
-321
What is -72 (base 8) in base 15?
-3d
Convert 2043 (base 5) to base 2.
100010001
Convert 454 (base 6) to base 13.
109
Convert 122 (b